e f(t).
-19
Let a = -1215 - -1222. Let n(z) = 2*z**2 - 23*z + 66. Determine n(a).
3
Let q(a) = -a + 36. Suppose 0 = -2*x - 3*y + 30, -5*x + 112 = -3*y - 5. What is q(x)?
15
Let y(r) = -38 - 18*r + 37*r + 0*r + 71 - 35. What is y(1)?
17
Let x(c) = 5273*c**2 - 1 - 18*c**3 + 0*c - 5270*c**2 + 0*c. Calculate x(1).
-16
Let m = -162 + 164. Let b(l) = 4*l**m - l**3 + 5*l**2 + 3 - 14*l**2 + 6*l. Calculate b(-6).
3
Let w(l) = 2*l + 4. Let f(c) = 30*c + 39. Let q(b) = 14*b + 19. Let z(t) = -2*f(t) + 5*q(t). Let g(j) = 9*w(j) - 2*z(j). Calculate g(-4).
10
Suppose s - 9 = -0*s. Let m(l) = -5*l**3 - 34*l**2 + 10*l + 10. Let z(x) = -2*x**3 - 16*x**2 + 5*x + 6. Let i(h) = 3*m(h) - 7*z(h). Determine i(s).
24
Let x(s) be the first derivative of s**4/2 + 7*s**3 + 11*s**2/2 + 14*s - 2396. Determine x(-10).
4
Let d(k) be the third derivative of k**4/4 - 2*k**3/3 + 119*k**2. What is d(0)?
-4
Let u(m) be the third derivative of -m**4/24 + 2*m**3/3 - 6*m**2. Suppose 0 = -4*c + 3*p + 2*p - 123, 0 = -p + 3. Let b = c - -35. Calculate u(b).
-4
Let o(b) = -b**2 - b + 17. Suppose 24*g + 18 = 21*g. Calculate o(g).
-13
Suppose 0 = -u + 4. Suppose 0 = -4*n - v + u + 8, -10 = n - 3*v. Let f(p) = 7*p + 41 - 74 + 2*p**n + 38. What is f(-5)?
20
Let a(w) = -3*w**2 + w. Suppose 3*k + 12 = 4*k. Suppose 3*c - k = 0, -4*c = 3*v + c - 35. Suppose -5*z = v*y - 15, 2*z + 6 = 2*y + 2*y. Determine a(z).
-2
Let m(r) be the third derivative of 3*r**5/20 - r**4/12 + r**3/2 - 3*r**2 + 28. Let i(t) = -7*t**2 + t - 2. Let y(f) = -6*i(f) - 5*m(f). Determine y(2).
-7
Let p(x) = -x**2 - 8*x + 16. Let f(i) = -i**3 - i**2 + 30*i + 49. Let w be f(-2). Determine p(w).
23
Let r(c) = -c**3 - 4*c + 7 - 3*c**2 + 2 - 7 - 3*c**2. Suppose 0*m = 4*m - 32. Suppose -m = 5*a + 5*g + 22, 0 = 2*a - 5*g + 5. Give r(a).
-3
Let y(d) = -d**2 + 6*d + 23. Let v be y(-3). Let g(z) = -z**2 + z - 10. Let j(m) = m**2 - m + 4. Let x(c) = v*j(c) - 2*g(c). Give x(4).
-20
Suppose 0 = 5*j + 3*t - 39 + 3, -12 = -3*j + 3*t. Let l = 239 + -240. Let n be (-2)/l - (j + -3 - -7). Let r(a) = a + 8. What is r(n)?
0
Suppose 5*r + 3 = -a, 3 = 4*a - r + 15. Suppose 2*n + 2*n = 4. Let g(y) = -n - y + 0 + 3*y**2 - 5*y**2. Determine g(a).
-16
Let x(d) = d**2 - 10*d + 9. Let z = -363 - -1156. Suppose 0 = 788*w - z*w + 35. Determine x(w).
-12
Let d(g) be the first derivative of -g**5/60 - 5*g**4/12 - g**3 + 199*g**2/2 + 122. Let v(r) be the second derivative of d(r). Give v(-8).
10
Let g(q) = q**3 + 89*q**2 + 182*q + 696. Let p be g(-87). Let d(t) = t**3 - t**2 - 2*t + 7. Determine d(p).
7
Let r(g) = 7*g - 37. Suppose 0 = -y - c + 2, -5*y - 4*c + 33 = 18. Give r(y).
12
Let w be (-3)/2*(-16)/12. Let f(g) = g**2 + 2*g - 7*g + g - w + 1. Suppose 15*k = 4*k + 22. Give f(k).
-5
Let t(v) be the first derivative of -3*v - 1/4*v**4 + 45 - 3/2*v**2 - 7/3*v**3. Give t(-6).
-21
Let c(y) = -y**2 + y - 1. Let r(l) = -16*l**2 + 28*l. Let x(j) = -30*c(j) + 2*r(j). Determine x(14).
2
Let i(w) be the first derivative of w**2/2 + w + 96. Suppose a = -3*h + 1, h + 3 = -a + 2. Let n be (-1)/((-6)/(-5) - h). Give i(n).
-4
Let s(j) = 38*j**3 - 64 + 8*j**3 + 10*j**2 - 42*j**3 - 3*j**3 + 3*j. Calculate s(-9).
-10
Let a(x) = x**2 - 2*x - 1. Let o(d) = 4*d**2 - 13*d + 20. Let n(m) = -10*a(m) + 2*o(m). Determine n(-7).
-6
Let m be ((-2)/(-4))/(3/6). Let i = -300 - -302. Let o(k) = -3*k**i - 233*k - 8*k**2 + 233*k. Give o(m).
-11
Suppose 0 = -5*c + 5*s - 4*s + 49, 28 = -7*s. Let a(l) = l**3 - 10*l**2 + 9*l + 10. Give a(c).
10
Suppose -24 = -9*o - 15. Suppose 3 = 4*v - o. Let l be 0*(-4)/8 - v. Let i(y) = 3*y**3 + y**2 - y - 1. Give i(l).
-2
Let o be (969/(-342))/(1/6). Let j(w) = w**3 + 15*w**2 - 31*w + 19. Calculate j(o).
-32
Let h = -331 - -325. Let x be -7*(-12)/36*h/(-2). Let t(s) = 3*s - 25. Calculate t(x).
-4
Let l = 573 - 573. Let r(z) = -2*z**2 + 10. Let p(i) = -i**3 + i**2 - i. Let f(v) = -p(v) - r(v). What is f(l)?
-10
Let w(t) = t**2 - 7*t + 6. Let a(s) = 3*s**2 - 11*s + 10. Let x(h) = -4*a(h) + 7*w(h). Give x(-4).
-58
Let a(r) be the second derivative of 29*r**3/6 - 112*r**2 + 3473*r. Give a(8).
8
Suppose 3*c + 120 = 12. Let x be 9/(-11) + 1 + c/(-44). Let s(a) = 2*a**3 + a**2 + a - 1. What is s(x)?
3
Let n(d) be the second derivative of d**3/6 + 6*d**2 - 79*d + 1. Calculate n(-14).
-2
Let l(u) = -2*u - 7. Let y(v) = -v - 1. Let a(m) = l(m) - 3*y(m). Suppose 0 = -h - 62 - 44. Let r = h + 109. Give a(r).
-1
Let b(m) = 19*m**2 + 12*m - 12. Let r be b(-7). Let f(d) = -3 - 7 - 836*d + r*d. Give f(-10).
0
Let t(i) be the first derivative of 2*i**2 - 10*i + 3787. Give t(3).
2
Let r(s) = -238349*s + s**3 + 238349*s + 2*s**2 + 3. Calculate r(-2).
3
Let o(y) = y**2 + 31*y - 33825 + 11275 + 11282 + 11321. Give o(-29).
-5
Let j(y) = -8*y**2. Suppose -3*n - 30 + 3 = -4*q, 0 = 3*n + 4*q + 3. Let b(o) = -9*o**2. Suppose -3*i = -i - 8. Let v(g) = i*j(g) + n*b(g). Calculate v(-1).
13
Let s be (-6)/2 - 14*(7 - 10)/6. Let i(n) = 7*n - 23. What is i(s)?
5
Let a(v) be the third derivative of 2*v - 1/60*v**5 + 7*v**2 + 1/6*v**4 - 1/6*v**3 + 0. Determine a(3).
2
Let t(h) be the first derivative of -h**3/3 - 2*h**2 + 37*h - 51. Give t(-6).
25
Let i(w) = 109*w - 12. Let y(z) = 86*z - 11. Let q(b) = -4*i(b) + 5*y(b). Calculate q(-3).
11
Let n(g) be the third derivative of g**4/12 + 4*g**3 - 1252*g**2. Determine n(9).
42
Let p be 22/(-4)*(-20 - -22). Let f(u) = 2*u**2 + 18*u - 42. Give f(p).
2
Let d(b) be the first derivative of -b**4/4 - 17*b**3/3 + 17*b**2/2 - 18*b + 64. Give d(-18).
0
Let n(p) = -7*p - 2. Let d(y) = -54*y - 10. Let l(s) = -d(s) + 6*n(s). Suppose 6 = 4*w - 6*w. Give l(w).
-38
Suppose -3*z + 13 = 10. Suppose 0*h - 2*a + 27 = 5*h, h + 2*a = -z. Let c(g) = -g**2 + 7*g - 3. Calculate c(h).
-3
Let w be 4*1 - (26 - 28). Let p(q) = w*q**2 + 3*q - 3*q**2 - 1 + q - 2*q**2 + 3*q. Let l be (3 - -2)/(-2 + 1). Determine p(l).
-11
Let z = -899 + 1023. Suppose -31*d + 31 - z = 0. Let t(s) = -s**3 - 5*s**2 - s + 1. Calculate t(d).
-14
Suppose 5*m - 8*m = -t - 20, -4*m + 4*t = -32. Suppose 3*x + 6 = 2*c, -2*c + m*x - 5*x - 2 = 0. Let k(l) = 2*l**2 + 5*l + 3. Determine k(c).
6
Let c(m) be the third derivative of -m**5/60 + 5*m**4/6 - 77*m**3/3 + 2*m**2 - 72. Let r(j) be the first derivative of c(j). What is r(9)?
2
Suppose 5*a = 4 + 16. Suppose 29 = a*s - p, 11*p + 17 = 2*s + 8*p. Let c(z) = z**3 - 8*z**2 + 4*z - 3. What is c(s)?
-24
Let p(b) be the second derivative of b**4/12 - 13*b**3/6 + 6*b**2 - 13*b. Suppose 39*o + 30 = 42*o. What is p(o)?
-18
Let h(a) = 36*a + 34*a + 2 + 32*a - 97*a. Suppose i = -2*i + 3. Let q be 3/2*(1 + i). Determine h(q).
17
Let b be (-2)/1*15/(-3). Let g be -1*(-8 + -1)/3. Let z(u) = u**3 - 3*u**2 + 12*u - g*u**2 - b*u. Give z(5).
-15
Let c(y) = -5*y**3 - 24*y**2 + 34*y - 12. Let b(d) = 3*d**3 + 16*d**2 - 23*d + 8. Let f(u) = -8*b(u) - 5*c(u). Calculate f(6).
8
Let q(l) be the third derivative of -8*l**5/5 - l**3/6 - 3*l**2 + 39*l - 1. What is q(-1)?
-97
Let y = -19802 - -19798. Let x(f) = 3*f**2 + 10*f + 3. Calculate x(y).
11
Let o(g) be the third derivative of -g**5/60 + g**4/12 + g**3/2 + 2*g**2. Suppose -52315*j + 52336*j + 42 = 0. Give o(j).
-5
Let p(g) = g. Suppose 3*s = a - 3, 5*a - 5*s - 18 - 7 = 0. Suppose -30 = 30*k - 25*k. Let y be (a/(-5))/((-7 - k)/(-5)). Calculate p(y).
-6
Let d(a) = -3*a**2 + a. Let r(y) = 15*y**2 - 7*y. Let c(v) = 26*v + 235. Let i be c(-9). Let n(k) = i*r(k) + 6*d(k). What is n(-1)?
-2
Let r(v) be the third derivative of -v**4/8 + 11*v**3/3 - 1389*v**2. What is r(9)?
-5
Let o(v) be the first derivative of 6*v**2 + 22*v - 3853. Calculate o(-3).
-14
Suppose 0 = 6*g - 2*p - 28, -4*g + 13*p = 11*p - 16. Let c(h) = -3*h - 10. Give c(g).
-28
Let w = 8 - 2. Let z(l) = -7*l. Let r(t) = -8*t. Let j(g) = w*r(g) - 7*z(g). Let h = 2 - 6. What is j(h)?
-4
Let w(r) = -1 - r**2 + 6*r + 4*r - 4*r - 2. Let h be (-10)/65 - 148/52. Let x(k) = -2*k - 3. Let t be x(h). Calculate w(t).
6
Let c = 5162 - 5164. Let n(f) = f**3 + 2*f**2 - 2*f + 1. Determine n(c).
5
Suppose 1196 + 1477 = 194*q + 3837. Let m(r) = 6*r + r - 3*r + 24. Determine m(q).
0
Let a(m) = m**2 + m. Let p(x) = 4*x**2 + 5*x - 3. Let f(z) = 10*z + 229. Let b be f(-23). Let v(y) = b*p(y) + 3*a(y). Give v(2).
-5
Let m(g) = -g**2 - 6*g + 6. Let f be (198/(-27))/((-2)/9). Suppos